iple of 63?
False
Is 60 a factor of 120?
True
Is 12 a factor of 5352?
True
Is 882 a multiple of 49?
True
Does 82 divide 2200?
False
Does 213 divide 7218?
False
Is 4864 a multiple of 32?
True
Is 703 a multiple of 10?
False
Is 258 a factor of 15996?
True
Is 2466 a multiple of 107?
False
Does 13 divide 1044?
False
Does 12 divide 735?
False
Is 1433 a multiple of 12?
False
Is 3596 a multiple of 124?
True
Does 38 divide 31193?
False
Is 26 a factor of 13312?
True
Is 39 a multiple of 3?
True
Is 981 a multiple of 13?
False
Does 55 divide 3767?
False
Does 34 divide 67082?
True
Is 63670 a multiple of 284?
False
Is 63 a factor of 7034?
False
Does 15 divide 292?
False
Is 23 a multiple of 4?
False
Does 91 divide 1003?
False
Is 27 a factor of 2970?
True
Is 13 a factor of 107?
False
Does 12 divide 11856?
True
Is 40 a factor of 15120?
True
Is 4227 a multiple of 27?
False
Does 41 divide 50819?
False
Is 7254 a multiple of 24?
False
Is 144 a factor of 1478?
False
Is 10 a factor of 480?
True
Is 36 a factor of 37648?
False
Is 33422 a multiple of 17?
True
Is 2 a factor of 197?
False
Is 17 a factor of 68972?
False
Is 25 a factor of 4400?
True
Is 3 a factor of 6?
True
Does 35 divide 9170?
True
Does 2 divide 291?
False
Is 2562 a multiple of 24?
False
Is 858 a multiple of 13?
True
Is 18810 a multiple of 22?
True
Is 5680 a multiple of 80?
True
Is 849 a multiple of 3?
True
Is 8103 a multiple of 111?
True
Is 72 a factor of 60192?
True
Is 4435 a multiple of 4?
False
Is 38872 a multiple of 226?
True
Does 44 divide 1980?
True
Is 410 a multiple of 42?
False
Is 4176 a multiple of 116?
True
Is 2046 a multiple of 6?
True
Is 8 a factor of 1849?
False
Does 30 divide 150?
True
Does 139 divide 9096?
False
Is 10292 a multiple of 124?
True
Does 52 divide 1820?
True
Is 14259 a multiple of 233?
False
Is 754 a multiple of 29?
True
Is 61893 a multiple of 39?
True
Is 49 a factor of 670?
False
Is 1014 a multiple of 77?
False
Does 31 divide 19871?
True
Does 19 divide 714?
False
Is 20 a factor of 9464?
False
Is 3819 a multiple of 120?
False
Does 220 divide 17160?
True
Is 11 a factor of 4939?
True
Is 7 a factor of 12374?
False
Is 12 a factor of 403?
False
Is 12402 a multiple of 53?
True
Does 111 divide 71957?
False
Does 27 divide 11502?
True
Is 7 a factor of 757?
False
Is 27024 a multiple of 47?
False
Does 6 divide 44058?
True
Is 127 a factor of 1923?
False
Is 32 a factor of 128?
True
Does 10 divide 13320?
True
Is 2 a factor of 160?
True
Does 60 divide 3540?
True
Is 11 a factor of 2339?
False
Does 12 divide 8240?
False
Does 2 divide 33?
False
Does 14 divide 294?
True
Is 6 a factor of 735?
False
Does 19 divide 34151?
False
Is 517 a multiple of 16?
False
Is 1708 a multiple of 122?
True
Is 3 a factor of 32?
False
Is 602 a multiple of 21?
False
Is 8712 a multiple of 44?
True
Is 9 a factor of 1213?
False
Does 7 divide 1918?
True
Is 460 a multiple of 20?
True
Is 4 a factor of 47?
False
Does 10 divide 730?
True
Is 14 a factor of 5558?
True
Does 9 divide 873?
True
Is 158 a multiple of 2?
True
Is 24 a factor of 21648?
True
Does 2 divide 111?
False
Is 10 a factor of 1862?
False
Does 14 divide 2526?
False
Is 8 a factor of 1324?
False
Is 37473 a multiple of 35?
False
Does 24 divide 13565?
False
Is 4725 a multiple of 5?
True
Is 10 a factor of 460?
True
Is 196 a factor of 97037?
False
Is 816 a multiple of 16?
True
Is 17 a factor of 1001?
False
Is 13 a factor of 377?
True
Is 32674 a multiple of 31?
True
Is 4 a factor of 14247?
False
Is 103 a factor of 1545?
True
Is 1599 a multiple of 16?
False
Is 3580 a multiple of 13?
False
Does 22 divide 258?
False
Does 41 divide 1020?
False
Is 208 even?
True
Is 56700 a multiple of 150?
True
Does 4 divide 5296?
True
Is 11 a factor of 3091?
True
Does 2 divide 84?
True
Does 8 divide 1052?
False
Does 8 divide 313?
False
Is 124 a multiple of 5?
False
Is 8398 a multiple of 17?
True
Does 5 divide 535?
True
Is 13 a factor of 693?
False
Is 6 a factor of 232?
False
Is 110608 a multiple of 496?
True
Does 7 divide 153?
False
Is 1356 a multiple of 6?
True
Is 14231 a multiple of 19?
True
Is 6 a factor of 36?
True
Is 4 a factor of 26408?
True
Is 14 a factor of 28154?
True
Is 8448 a multiple of 176?
True
Does 82 divide 984?
True
Is 59087 a multiple of 36?
False
Is 203 a multiple of 7?
True
Is 10 a factor of 37281?
False
Is 25704 a multiple of 153?
True
Is 4 a factor of 20133?
False
Is 12061 a multiple of 152?
False
Does 83 divide 24297?
False
Does 8 divide 176?
True
Is 5 a factor of 14279?
False
Does 13 divide 46007?
True
Is 17424 a multiple of 23?
False
Is 1285 a multiple of 89?
False
Is 340 a multiple of 34?
True
Is 5643 a multiple of 4?
False
Is 12672 a multiple of 4?
True
Is 990 a multiple of 13?
False
Does 156 divide 56784?
True
Is 264 a multiple of 18?
False
Does 13 divide 199?
False
Is 3400 a multiple of 5?
True
Is 3 a factor of 693?
True
Is 2770 a multiple of 5?
True
Is 15 a factor of 314?
False
Is 24900 a multiple of 83?
True
Does 4 divide 5816?
True
Does 33 divide 7731?
False
Is 8020 a multiple of 85?
False
Does 14 divide 13230?
True
Is 4 a factor of 10610?
False
Does 79 divide 35066?
False
Is 1337 a multiple of 5?
False
Does 61 divide 1037?
True
Is 1002 a multiple of 6?
True
Does 5 divide 1572?
False
Is 1351 a multiple of 30?
False
Is 13640 a multiple of 110?
True
Does 141 divide 120696?
True
Is 101 a factor of 38128?
False
Does 10 divide 1373?
False
Does 9 divide 612?
True
Is 504 a multiple of 8?
True
Is 34 a factor of 612?
True
Does 29 divide 24795?
True
Is 3393 a multiple of 13?
True
Does 25 divide 75425?
True
Does 5 divide 58?
False
Is 43212 a multiple of 12?
True
Is 812 a multiple of 29?
True
Is 1107 a multiple of 123?
True
Does 43 divide 5606?
False
Is 4731 a multiple of 38?
False
Is 161 a multiple of 118?
False
Is 79922 a multiple of 178?
True
Is 7474 a multiple of 5?
False
Is 30 a factor of 2073?
False
Does 59 divide 4369?
False
Is 4980 a multiple of 101?
False
Is 819 a multiple of 25?
False
Does 36 divide 7904?
False
Does 42 divide 1134?
True
Is 10 a factor of 2920?
True
Is 17212 a multiple of 52?
True
Is 18 a factor of 750?
False
Does 11 divide 275?
True
Is 8027 a multiple of 14?
False
Is 20 a factor of 457?
False
Is 2188 a multiple of 45?
False
Is 1350 a multiple of 27?
True
Is 3006 a multiple of 17?
False
Does 110 divide 697?
False
Is 20 a factor of 951?
False
Does 6 divide 273?
False
Is 101 a factor of 3434?
True
Does 4 divide 7356?
True
Is 110 a factor of 15070?
True
Is 10 a factor of 1770?
True
Is 11 a factor of 1331?
True
Does 49 divide 2450?
True
Does 34 divide 4250?
True
Does 17 divide 7247?
False
Is 2215 a multiple of 5?
True
Is 2 a factor of 12031?
False
Does 90 divide 11869?
False
Is 751 a multiple of 10?
False
Is 2 a factor of 16392?
True
Is 149 a factor of 135035?
False
Is 22 a factor of 1449?
False
Is 744 a multiple of 62?
True
Is 4617 a multiple of 9?
True
Is 76045 a multiple of 5?
True
Does 15 divide 210?
True
Is 15 a factor of 12781?
False
Does 5 divide 290?
True
Is 35 a factor of 13090?
True
Is 42 a factor of 1413?
False
Does 24 divide 264?
True
Is 7 a factor of 5143?
False
Is 31 a factor of 496?
True
Is 121 a factor of 2382?
False
Is 9346 a multiple of 22?
False
Does 130 divide 1675?
False
Is 14 a factor of 1414?
True
Is 21 a factor of 63?
True
Is 5455 a multiple of 3?
False
Is 123 a factor of 11685?
True
Is 1485 a multiple of 33?
True
Is 640 a multiple of 40?
True
Does 6 divide 864?
True
Is 693 a multiple of 17?
False
Is 39 a factor of 3678?
False
Is 449 a multiple of 25?
False
Is 1625 a multiple of 25?
True
Is 49066 a multiple of 51?
False
Is 605 a multiple of 11?
True
Is 83 a factor of 9296?
True
Is 39 a factor of 10061?
False
Does 24 divide 1755?
False
Does 9 divide 3051?
True
Does 18 divide 180?
True
Is 499 a multiple of 23?
False
Is 9 a factor of 54?
True
Is 445 a multiple of 47?
False
Is 4736 a multiple of 14?
False
Is 20 a factor of 3880?
True
Is 371 a multiple of 7?
True
Is 53 a factor of 8268?
True
Is 5771 a multiple of 199?
True
Is 120 a multiple of 24?
True
Does 6 divide 4883?
False
Is 172 a factor of 100276?
True
Is 8868 a multiple of 6?
True
Is 117 a multiple of 7?
False
Is 26 a factor of 286?
True
Is 3255 a multiple of 31?
True
Is 12 a factor of 76?
False
Does 28 divide 13551?
False
Does 33 divide 29502?
True
Is 9 a factor of 762